et i be r(0). Suppose -i*y = -42*y - 4. Let j(a) = -10*a + 3 - y + a**2 + 2*a. Calculate j(7).
-8
Let n(j) = -2*j**3 - 3*j**2 - j. Let x = -113 + 163. Suppose 0 = -28*p - 6 - x. What is n(p)?
6
Let z(j) = 9*j - 3. Suppose 2*y = -0*q - q + 432, 2*y = 4*q + 432. Let g = -95 + y. Let w = g + -119. Give z(w).
15
Suppose -o + 6*o - 3*d = 0, o + d = -0*o. Let v(z) = z**3 - 2*z**2 + 3*z - 10. Calculate v(o).
-10
Let r(y) = -y**3 - 4*y**2 + 4*y - 7. Suppose -2*o + o + 2 = 0. Suppose -5*q + o*v - 38 + 5 = 0, -q - 13 = -2*v. Calculate r(q).
-2
Let t(s) = s - 51. Let m = -33452 - -33470. Give t(m).
-33
Let r be 630/50 + -13 - 2/(-5). Let g(i) = i**2 - 3*i - 12. Give g(r).
-12
Let a(x) be the first derivative of -x**4/4 + 2*x**3 - 5*x**2/2 + x + 2. Let m(h) = h**3 - 15*h**2 + 29*h - 35. Let p be m(13). What is a(p)?
13
Let k(n) = -n**2 + 8*n - 4. Let u = -109 - -112. Suppose h + 2*t = 13, 2*t - 20 = -u*t. What is k(h)?
11
Let z(c) = -c**3 + 12*c**2 + 2. Let j be z(12). Let h be ((-28)/35)/(j/(-5)). Let o(l) = 86*l**2 - 38*l**2 - 5*l - 2*l**3 + 3*l**3 - 44*l**h. What is o(-5)?
0
Let p(y) = y**3 + 16*y**2 + 3*y + 54. Let v be p(-16). Let l(a) = a**2 - 10*a + 26. Let d be l(v). Let x(t) = 2*t**3 - t**2 + 2*t - 1. Calculate x(d).
15
Let c(p) = -p**3 - 7*p**2 - 3*p - 13. Suppose -144 = 863*h - 839*h. Determine c(h).
-31
Let l(x) = x**3 + 9*x**2 + 7*x - 3. Let g be l(-8). Suppose 0*f - 5*f - d = 15, 3*d + 15 = -g*f. Let c(y) = -5*y - 1. Give c(f).
14
Let g = -725 - -715. Let n(f) be the third derivative of -f**4/6 - 13*f**3/6 + 63*f**2. Give n(g).
27
Let l be (-2 - 54/(-30)) + -4 + (-56)/20. Let x(p) = p**3 + 4*p**2 - 7*p + 4. Calculate x(l).
-94
Let q = 7 + -1. Let a be (-1)/(-6)*-5 - (-4067)/294. Suppose -21 = -a*o + q*o. Let f(n) = -2*n - 3. What is f(o)?
-9
Let m(x) = -1118876*x + 5*x**2 - 3 + 6*x**2 + x**3 + 1118862*x. Let k be ((-2)/5 - 0)*30. Determine m(k).
21
Let p(s) = -3*s**2 + 18*s - 8. Let k(j) = 35*j**2 - 235*j + 105. Let l(w) = -2*k(w) - 27*p(w). Determine l(2).
18
Let k(x) = x**2 - 13*x + 12. Let g be k(12). Suppose -5*r + 40 = 5*r. Let j(h) = r + 2*h + 1 - 3*h + g. Give j(-7).
12
Let p(q) = 19*q**2 + 7*q - 5. Let d(x) = 32*x - 63. Let h be d(2). Give p(h).
21
Let i(r) = 2*r + 3. Let b(d) = d. Let u(c) = 3*b(c) - i(c). Let l(n) = n**2 + 3*n. Let w be l(4). Suppose 2*s = -5*g - w, -5*s = g - 3*g + 12. Determine u(g).
-7
Let b(u) = 1566*u**3 + 15*u - 1565*u**3 + 4*u**2 - 8 + 12*u**2. Determine b(-15).
-8
Suppose v - c - 12 = 0, 53*v + 2*c + 6 = 52*v. Let g(y) = 8*y + 20. Give g(v).
68
Let r be (32 - 37)/(4 + 8/(-3) + -3). Let g(h) be the third derivative of 0*h + 0 - 1/30*h**5 + 1/24*h**4 - 1/6*h**r - 32*h**2. Give g(2).
-7
Let k(t) = -t**2 - 4*t + 20. Let l be -14*(7/(-2) - -4). Let a be k(l). Let j(n) = -6*n**3 + 7*n**3 + 2*n**2 - 1 + 7*n**3. What is j(a)?
-7
Suppose -3*f = -3*r - 9, -f + 7*r = 11*r + 2. Suppose -f*y = v + 10, 2*y - v - 4*v - 14 = 0. Let g(k) = -k**3 + k**2 + 4*k + 4. What is g(y)?
28
Let q = 5 - -5. Let x(d) = 3*d - 207. Let c(r) = r - 76. Let v(m) = -8*c(m) + 3*x(m). Give v(q).
-3
Let w(g) = 2*g - 7. Suppose -9*v + 234 = -1863. Suppose -34*j = -5 - v. What is w(j)?
7
Let b(j) = -j**2 - 9*j + 4. Suppose 22*t - 19 = -41. Suppose 5*p + 31 = -4. Let z = p + t. Determine b(z).
12
Let w(i) be the third derivative of i**6/720 - i**5/15 + 203*i**4/24 + 14*i**2 + 3*i. Let y(k) be the second derivative of w(k). What is y(12)?
4
Let y(b) be the third derivative of b**6/120 + b**5/60 + 5*b**4/12 + 4*b**3/3 - 76*b**2. Let x(r) = r**3 + 11*r + 9. Let o(m) = 3*x(m) - 4*y(m). Give o(-5).
55
Let r be (-2)/(-2) + 11/1. Let w(h) = -17*h**2 + 6*h - 133. Let o(n) = -31*n**2 + 9*n - 244. Let f(y) = -6*o(y) + 11*w(y). Determine f(r).
1
Let b(r) = 7*r + 9. Let c be b(-7). Let w = c + 37. Let y(n) = 4*n - 14 - 15 - 10 + 41. What is y(w)?
-10
Suppose 0 = -4*c + 6*c - 42. Let m = 24 - c. Suppose m*o + o - 12 = 0. Let y(a) = a**3 - 4*a**2 - a + 3. What is y(o)?
-9
Let x(u) be the third derivative of -u**5/60 + 2*u**4/3 - 35*u**3/6 + 1204*u**2. Give x(14).
-7
Let r(k) = -3*k + 2. Let i(p) = 2*p**2 + 4*p - 182. Let f be i(9). Let g(l) = 5*l - 84. Let c be g(f). Give r(c).
14
Let i be 1 + 1/(-3) + (-1)/(-3). Let w be 24/(-9)*3*i/(-2). Let z(l) = 3*l**3 + l**2 + l. Let j(g) = -2*g**3. Let d(r) = 5*j(r) + 3*z(r). Calculate d(w).
-4
Let h(q) = -13*q + 2. Let l(i) = -8*i + 212. Let x be l(27). What is h(x)?
54
Suppose -22 = -4*i + 2*u, -i + 5*u = -2*i. Let m(v) be the first derivative of -3146 + 3*v**2 + 3166 - 4*v - 2*v**2. Determine m(i).
6
Let x(m) = -2 + 21*m**2 - 7 - 22*m**2 - 24 - 16*m + 5*m. Give x(-4).
-5
Let i = 6 + -3. Let n(y) = 8*y**2 - 2*y**2 - 2*y**2 - 60 - 2*y - 64 + 122. Determine n(i).
28
Let w(a) = 215 - 64*a - 81 + 127*a - 80*a. Determine w(8).
-2
Let q(n) = -n + 26. Let d(f) = -15*f**3 - f - 1. Let s be d(-1). Let o be (4/(80/44))/(3/s). What is q(o)?
15
Let a be -16 + (-285)/(-50) + (-3)/(-10). Let r(k) = k**2 + 6*k + 2. What is r(a)?
42
Let h(b) = b**3 - 76*b**2 - 4*b + 302. Let u be h(76). Let r(t) = 4*t**3 + 2*t**2 - 3*t - 4. Give r(u).
-22
Let q(z) = -z**3 + 13*z**2 - 13*z - 17. Let v(p) = p**3 + 66*p**2 + 16*p + 1068. Let r be v(-66). Give q(r).
-29
Suppose i - 3*f = -3*i + 13, f = -3*i + 13. Let m be i*(0 + (-20)/(-8) + -2). Let r(p) = 2*p + m*p**2 + 4 - 10*p**2 - 5. Determine r(1).
-7
Let l(v) = -v**2 - 10*v + 7. Let w(d) = 12*d + 40. Let a be w(-3). Suppose a*k - 162 = 22*k. Determine l(k).
16
Let s(q) = 2*q**3 + 22*q**2 - 23*q + 12. Suppose 5*z - 3*t = -72, 2*z + 15*t = 16*t - 28. Give s(z).
0
Let u be 140*(27/21 + 10/(-35)). Let g(h) = 135*h - 279*h + u*h + 5. Let v = 13 + -9. Determine g(v).
-11
Let h(r) = 3655*r**3 + 656 - 661 + 12*r - 3654*r**3 + 7*r**2. What is h(-7)?
-89
Let r(q) = q - 10. Let c(t) = -t**2 - 8*t + 273. Let u be c(13). What is r(u)?
-10
Let f(v) = 5*v**2 + v - 2*v**3 + 5 + 3*v**3 - 5*v. Let d(n) = -7*n**3 + 574*n**2 - 7*n + 569. Let r be d(82). Calculate f(r).
25
Suppose 0 = g + 2*i - 8, -179*i + 174*i = -5*g + 70. Let d(v) = -4*v**2 + 49*v - 25. What is d(g)?
-13
Let h(u) = 4*u**2 + u - 1. Suppose -33 = -30*b - 183. Let g be (5 - 10)*(-1 - 2/b). Give h(g).
38
Let b = -144 + 146. Let p(q) = 5*q + 43 - 42 + 0*q - 2*q**b. Calculate p(5).
-24
Let n be (-2)/(-20) + 1/(-10). Let t(o) = o**3 + o**2 - 2*o. Let y(k) = -2*k**3 - 2*k**2 + 5*k. Let m(g) = 5*t(g) + 2*y(g). What is m(n)?
0
Let t(f) = -2*f + 1. Let b be t(-1). Suppose 1559*m = 1562*m. Let p(c) = 5*c - 3*c - 2 + m + b. What is p(1)?
3
Let p(k) = -905*k + 2*k**2 + k**3 - 6 + 3 + 905*k. Determine p(-2).
-3
Let i(t) = t**2 + 10*t + 13. Suppose -31*v - 92 = -26*v + 2*s, -10*s - 28 = -2*v. What is i(v)?
109
Let z(n) = n - 5. Let u(c) = -7*c**2 - 45*c + 41. Let f be u(-7). Calculate z(f).
8
Let h be 4/(-150) - 285246/35775. Let r(v) = -v**2 - 10*v + 9. Determine r(h).
25
Let l(g) be the third derivative of g**6/40 + g**5/12 + g**4/8 - 2*g**3/3 + 89*g**2 - 3. Give l(-3).
-49
Let h(b) = 1 - 8 + 4 + 5 - 2*b. Suppose 1 + 0 = -2*a + 3*s, -2*a = -2*s - 2. Suppose 0 = -3*i - a - 2. Give h(i).
6
Let t(n) = 3*n**3 + n**2 - 11*n - 8. Let v(j) = 4*j**3 + 3*j**2 - 12*j - 8. Let a(h) = 5*t(h) - 4*v(h). Let i(x) = x + 16. Let r be i(-22). What is a(r)?
-2
Let x(m) = -m**2 - 22*m + 170. Let h(j) = 4*j**2 - 715*j + 1420. Let q be h(2). Give x(q).
2
Let d(n) = -37*n - 18. Let y(b) = 207*b + 89. Let s(z) = -11*d(z) - 2*y(z). Determine s(3).
-1
Let r(d) = d**3 - 4*d**2 + 5*d + 2. Suppose -649 + 667 = 9*k. What is r(k)?
4
Let o(s) = 6*s**2 - 490*s - 158. Let c be o(82). Let l(q) = 12*q - 15. Calculate l(c).
57
Let y(d) be the first derivative of 2*d - 2*d**3 + 1/4*d**4 - 5 + 0*d**2. Let m be ((-2)/(-6))/((-2)/(-36)) + 0. Calculate y(m).
2
Let i = 151 - 157. Let c(x) = x**2 + 5*x + 5. Give c(i).
11
Let d(a) = 4*a + 109. Let x be d(-27). Let v be 10 - (-1 + 7 + x). Let g(i) = 5*i + 3. Let z(p) = -3*p - 1. Let c(s) = 3*g(s) + 7*z(s). Calculate c(v).
-16
Let m = 15 + -27. Let i be (28/m)/((-2)/6). Let n(f) be the third derivative of -f**5/60 + f**4/4 + 7*f**3/6 - 11*f**2. Give n(i).
0
Suppose s = 5*c + 15, -5*c - 2*s + 0*s - 15 = 0. Let h(x) be the second derivative of x**4/4 + x**3/3 + 3*x**2/2 + 85*x + 2. Give h(c).
24
Let g = 32 + -30. Suppose 139 = g*f + 35. Let j = f - 51. Let 